20996?
9
What is the hundreds digit of 49997197?
1
What is the ten thousands digit of 933044085?
4
What is the hundreds digit of 23919208?
2
What is the thousands digit of 151109706?
9
What is the hundreds digit of 1375234978?
9
What is the ten thousands digit of 11099649?
9
What is the millions digit of 15730197?
5
What is the millions digit of 1556017683?
6
What is the units digit of 5607186777?
7
What is the hundred thousands digit of 48746736?
7
What is the hundred thousands digit of 118529111?
5
What is the ten thousands digit of 3430897450?
9
What is the tens digit of 304226897?
9
What is the ten millions digit of 46700017?
4
What is the billions digit of 1606217777?
1
What is the tens digit of 9345982?
8
What is the units digit of 1118132235?
5
What is the hundred thousands digit of 74537668?
5
What is the thousands digit of 357101448?
1
What is the millions digit of 230562529?
0
What is the hundred millions digit of 337975669?
3
What is the units digit of 22065859?
9
What is the hundreds digit of 93039145?
1
What is the tens digit of 441728615?
1
What is the hundreds digit of 8728691293?
2
What is the ten millions digit of 107368451?
0
What is the ten millions digit of 112017008?
1
What is the ten thousands digit of 10180216?
8
What is the ten thousands digit of 4100479?
0
What is the ten millions digit of 118581513?
1
What is the billions digit of 2815265248?
2
What is the ten millions digit of 4281657707?
8
What is the hundred millions digit of 774531686?
7
What is the ten millions digit of 133159593?
3
What is the millions digit of 718314819?
8
What is the hundred thousands digit of 107106443?
1
What is the hundred thousands digit of 1363432976?
4
What is the hundred thousands digit of 1149082353?
0
What is the units digit of 833408438?
8
What is the hundred millions digit of 318626321?
3
What is the hundreds digit of 307899819?
8
What is the thousands digit of 76311540?
1
What is the millions digit of 223433176?
3
What is the hundreds digit of 104803319?
3
What is the hundred thousands digit of 177222029?
2
What is the units digit of 904200559?
9
What is the thousands digit of 769128754?
8
What is the millions digit of 513008623?
3
What is the ten millions digit of 122620610?
2
What is the hundreds digit of 21597353?
3
What is the units digit of 4921997717?
7
What is the tens digit of 496740894?
9
What is the thousands digit of 852307429?
7
What is the tens digit of 417659804?
0
What is the hundred millions digit of 2525604144?
5
What is the units digit of 31269272?
2
What is the hundred millions digit of 416121579?
4
What is the units digit of 534100237?
7
What is the ten thousands digit of 1762662559?
6
What is the thousands digit of 2790207685?
7
What is the tens digit of 31416818?
1
What is the units digit of 850175043?
3
What is the units digit of 120228686?
6
What is the thousands digit of 502377298?
7
What is the hundred thousands digit of 320156281?
1
What is the thousands digit of 1954796522?
6
What is the hundreds digit of 1643431140?
1
What is the tens digit of 193014061?
6
What is the thousands digit of 39070822?
0
What is the ten millions digit of 471520562?
7
What is the millions digit of 803604135?
3
What is the hundred thousands digit of 1773896925?
8
What is the thousands digit of 394779652?
9
What is the tens digit of 2806840152?
5
What is the units digit of 170291670?
0
What is the millions digit of 50529404?
0
What is the ten millions digit of 106117817?
0
What is the thousands digit of 138104709?
4
What is the millions digit of 2071569010?
1
What is the hundreds digit of 535386132?
1
What is the hundreds digit of 641228271?
2
What is the hundred millions digit of 4162354096?
1
What is the hundred millions digit of 138236052?
1
What is the hundred millions digit of 3548424946?
5
What is the hundred thousands digit of 400857554?
8
What is the tens digit of 21017406?
0
What is the units digit of 213916888?
8
What is the millions digit of 31388325?
1
What is the units digit of 44724385?
5
What is the hundred thousands digit of 4234392552?
3
What is the ten millions digit of 163471177?
6
What is the units digit of 5289596698?
8
What is the ten millions digit of 2570291161?
7
What is the ten millions digit of 15788945?
1
What is the hundred thousands digit of 70863889?
8
What is the hundred millions digit of 3397872668?
3
What is the millions digit of 5251984227?
1
What is the units digit of 3435401343?
3
What is the units digit of 38884696?
6
What is the units digit of 236290005?
5
What is the ten thousands digit of 116344268?
4
What is the ten thousands digit of 43490869?
9
What is the ten thousands digit of 187793184?
9
What is the millions digit of 387305900?
7
What is the hundred thousands digit of 61780644?
7
What is the tens digit of 66624409?
0
What is the billions digit of 2961881870?
2
What is the millions digit of 72232277?
2
What is the tens digit of 92240894?
9
What is the hundreds digit of 70139293?
2
What is the hundred thousands digit of 26974549?
9
What is the hundred thousands digit of 1146787933?
7
What is the ten millions digit of 66194876?
6
What is the tens digit of 2620231625?
2
What is the hundred millions digit of 4667363309?
6
What is the tens digit of 412551646?
4
What is the hundred thousands digit of 129406681?
4
What is the hundred thousands digit of 63445173?
4
What is the tens digit of 5377249?
4
What is the hundred millions digit of 957648208?
9
What is the tens digit of 933018169?
6
What is the ten millions digit of 17628754?
1
What is the ten millions digit of 3795345742?
9
What is the units digit of 55524037?
7
What is the hundred millions digit of 213092017?
2
What is the ten thousands digit of 146458262?
5
What is the ten thousands digit of 848703921?
0
What is the thousands digit of 52822923?
2
What is the thousands digit of 353569255?
9
What is the millions digit of 275180918?
5
What is the hundred thousands digit of 289248346?
2
What is the ten thousands digit of 902400098?
0
What is the hundreds digit of 11663461?
4
What is the hundred thousands digit of 6107240333?
2
What is the millions digit of 7798917?
7
What is the tens digit of 8980315?
1
What is the ten thousands digit of 1157742944?
4
What is the ten thousands digit of 487423618?
2
What is the billions digit of 2244530605?
2
What is the tens digit of 56498907?
0
What is the units digit of 40695513?
3
What is the millions digit of 1946915185?
6
What is the ten thousands digit of 1256616132?
1
What is the tens digit of 783578435?
3
What is the ten millions digit of 71021950?
7
What is the tens digit of 231211451?
5
What is the units digit of 50482720?
0
What is the hundred millions digit of 249110560?
2
What is the tens digit of 588241338?
3
What is the thousands digit of 37429257?
9
What is the thousands digit of 79008695?
8
What is the ten thousands digit of 64511286?
1
What is the ten thousands digit of 2255564288?
6
What is the ten millions digit of 603755339?
0
What is the ten thousands digit of 103911322?
1
What is the millions digit of 413790982?
3
What is the ten thousands digit of 311431272?
3
What is the ten millions digit of 47069491?
4
What is the thousands digit of 267916853?
6
What is the units digit of 61947986?
6
What is the thousands digit of 40286239?
6
What is the thousands digit of 1527342951?
2
What is the ten millions digit of 184309272?
8
What is the ten millions digit of 123315198?
2
What is the ten millions digit of 265822602?
6
What is the billions digit of 4552979581?
4
What is the billions digit of 1065996473?
1
What is the ten millions digit of 393623007?
9
What is the ten millions digit of 340127221?
4
What is the hundred millions digit of 251722856?
2
What is the tens digit of 44884865?
6
What is the ten thousands digit of 189161445?
6
What is the hundred millions digit of 1118576117?
1
What is the hundred thousands digit of 760259584?
2
What is the hundred thousands digit of 28318512?
3
What is the millions digit of 39341785?
9
What is the ten millions digit of 1449116507?
4
What is the hundreds digit of 72935323?
3
What is the millions digit of 130888403?
0
What is the hundred millions digit of 568098975?
5
What is the units digit of 35258861?
1
What is the ten millions digit of 164